late the remainder when m is divided by w.
35
Let u be 0 - -2 - (-5 - (-2 - 1)). Let x(t) = 2*t**3 - 2*t**2 - 8*t - 2. Let f be x(u). Let c = 72 - f. What is the remainder when 27 is divided by c?
7
Let m be (-2 + (-3)/(-2))/((-1)/4). Suppose -2*f - 4 = 0, 5*f + 49 = m*l + 15. Calculate the remainder when 29 is divided by l.
5
Let g = 2838 + -2773. Calculate the remainder when 357 is divided by g.
32
Let a(y) = y**3 - 21*y**2 + 45*y - 23. Calculate the remainder when a(23) is divided by 21.
12
Suppose -3*c = -10*t + 5*t - 631, -4*t = c - 216. Suppose -2*o - c = -2*z, 0 = z - 0*z - 2*o - 109. What is the remainder when z is divided by 47?
9
Let b = 1604 + -1516. Calculate the remainder when 433 is divided by b.
81
Let b(v) = 2*v - 3. Let f be b(3). Suppose -55 = -f*q - 2*q. Let g = -529 + 582. Calculate the remainder when g is divided by q.
9
Let c = -217 + 492. Suppose 4*h + 5*o = c, 5*h + 86*o = 83*o + 334. What is the remainder when 160 is divided by h?
30
Suppose -2*v = 4*v - 9*v + 225. What is the remainder when 4723 is divided by v?
73
Let l(u) = 23*u**2 - 134*u - 54. What is the remainder when l(-16) is divided by 76?
74
Suppose 3*a + 0*a - 2*v = 395, 3*a - 393 = 3*v. Suppose 5*h - 103 = -3*b + 17, 3*h - 80 = -2*b. What is the remainder when a is divided by b?
13
Suppose 982 = 24*u - 6866. What is the remainder when u is divided by 33?
30
Let s be 2/(-11) - (-26)/22. Suppose -4*x + n + 278 + 25 = 0, -4*x = 2*n - 306. What is the remainder when x is divided by 27 - (2 + (0 - s))?
24
Let i(m) = -m**3 + 7*m**2 + 20*m + 18. Calculate the remainder when 246 is divided by i(9).
30
Let x = 2029 + -1928. Let z = -70 + 96. Calculate the remainder when x is divided by z.
23
Suppose 106 = 3*o - o. Suppose -5*s + 22 + o = 0. What is the remainder when s is divided by (-3)/1*15*(1 + 77/(-63))?
5
Suppose -4*m + 10 + 14 = 0. Let r(l) be the first derivative of -2*l**2 - 7*l + 40. Calculate the remainder when r(-9) is divided by m.
5
Calculate the remainder when (-17376)/((-48)/(-4))*15/(-5) is divided by 55.
54
Let b be (12*(-1)/10)/((-2)/70). Suppose -b = -5*r + 18. What is the remainder when 46 is divided by r?
10
Suppose 0 = t + b - 5382, -68*b = t - 66*b - 5377. Calculate the remainder when t is divided by 14.
11
Let m(g) = 12*g - 6. Let u be m(-9). Let t = u + 123. What is the remainder when 124 is divided by t?
7
Suppose 259 = -3*y - 4*y. Let j = 51 + y. Let n = -15 - -20. Calculate the remainder when j is divided by n.
4
Let l(s) = -57*s + 46. Let b = -393 - -390. What is the remainder when l(b) is divided by 25?
17
Suppose -3*y + 2*d + 17 + 1 = 0, -d = 3. Suppose 6*v = -20 + 86. What is the remainder when ((-5)/2)/(v/(-66)) is divided by y?
3
What is the remainder when (5/(-12))/(46/368)*(1 - 1030) is divided by 47?
46
Let l be (-12)/2*(-3)/2. Let j = l - -8. Let b(t) = -17*t + 2001. What is the remainder when b(116) is divided by j?
12
Suppose -b + 6232 = 3*y, b + 4148 = 53*y - 51*y. Calculate the remainder when y is divided by 26.
22
Let f be 2068/(88/(-8))*(-5)/2. Let x = -358 + f. What is the remainder when x is divided by 38?
36
Let m(a) = 14*a**3 + 16*a**2 + 5*a. Suppose -22 = -4*t + 5*g, -3*t - 14*g + 17*g = -15. Calculate the remainder when m(t) is divided by 10.
7
Suppose 0 = 337*g - 332*g - 20330. Suppose -974 = -24*o + g. What is the remainder when o is divided by 36?
30
Let w = 10 + 13. Suppose 0 = 3*t - 0*j - 2*j - 746, 0 = -4*t + 3*j + 994. Suppose -t - 65 = -7*h. Calculate the remainder when h is divided by w.
22
Let d = 92 - 54. Let l(f) = 6 - d*f - 3*f - 21*f. Calculate the remainder when l(-1) is divided by 14.
12
Let y(v) = 2*v**3 + 38*v**2 - 12*v - 12. Let j be y(-19). Suppose 4*r + 3*w = j, 2*w = -4*r + 90 + 126. What is the remainder when r is divided by 16?
6
Let h(j) = 76*j + 15. Let u be h(-3). Let g = u + 221. What is the remainder when 39 is divided by g?
7
Let q(j) = 18*j - 10. Let h be (303/(-9) + (3 - 0))*-240. What is the remainder when h/72 + (-6)/27 is divided by q(2)?
24
Suppose x + 2*x + 2*z = 468, 0 = -4*x + 3*z + 624. Let g = x - 103. Calculate the remainder when g is divided by 22.
9
Suppose -4*u = 2*d - 39880, -3*u + 603 = -d - 29292. Calculate the remainder when u is divided by 112.
111
Suppose v - 32 = 2*i, 4*v + 2*i = 4*i + 116. Let u = 18 + v. What is the remainder when 90 is divided by u?
44
What is the remainder when 227 is divided by (-27)/(-3) - (-148 - -146)?
7
Let k = 86 - 76. Let i = 66 - k. Calculate the remainder when i is divided by 22.
12
Let j = 34 - -36. Suppose 11 - 51 = -8*u. What is the remainder when j is divided by u?
0
Let n(t) be the third derivative of t**4/6 - 6*t**2 + 3. Let y(b) = 2*b**3 - 3*b**2 - 3*b - 4. Calculate the remainder when y(3) is divided by n(1).
2
Suppose 2*n + 3144 = 4*h, -n - 3057 = -3059. Calculate the remainder when h is divided by 90.
67
Suppose 259*g = -99*g + 10740. Calculate the remainder when 8997 is divided by g.
27
Let x be (2 + 4)/(-3)*15/(-6). Suppose -u + 440 = x*r - 110, 0 = 3*u + 15. Suppose 1 = 2*n - r. What is the remainder when n is divided by 30?
26
Suppose 3*g = -89 + 266. Calculate the remainder when 709 is divided by g.
1
Calculate the remainder when (-1971)/(-1095) + 701/5 is divided by 46.
4
Suppose 0 = -3*f + 24, 2*j - 719*f - 550 = -717*f. What is the remainder when j is divided by 58?
51
Let q = 6625 - 6514. What is the remainder when q is divided by (-154)/(-4) - (-1)/(-2)?
35
Let c(z) = -z**3 + 6*z**2 + 24*z + 201. Calculate the remainder when c(10) is divided by 7.
6
Suppose 0 = -8*j - 295 + 4023. Let q = 471 - j. Calculate the remainder when 40 is divided by q.
0
Let y(c) = -19*c**2 - 211*c + 8. Suppose -4*s + 100 - 4 = 0. Calculate the remainder when y(-11) is divided by s.
6
Suppose -53 = 3*h - 4*d + 116, 2*h + 111 = 3*d. Let s = 105 + h. Suppose 65*c = 55*c + 220. Calculate the remainder when s is divided by c.
20
Let g(j) = 8*j - 14 - 13*j - 16*j - 7*j + 5*j**2 - 6*j**2. What is the remainder when g(-22) is divided by 20?
18
Suppose -51*v - 15 = -54*v. Suppose -v*f + 335 = -1225. Calculate the remainder when f is divided by 106.
100
Let x = 13 - 5. Suppose -3*h - 5*f = -8*h, -4 = 2*f. What is the remainder when 63/(-6)*4/(0 + h) is divided by x?
5
Let z(u) = u**3 - 21*u**2 + 23*u - 50. Let d be z(20). Suppose -8*q + 82 = -d*q. Let o = 55 + q. Calculate the remainder when 27 is divided by o.
13
Calculate the remainder when ((-32)/(-4)*-80)/(3 + -7 + 3) is divided by 630.
10
Let y = 208 + -132. Suppose -4*z + 2*z = -y. Let p = 718 - 643. Calculate the remainder when p is divided by z.
37
Suppose 5*v + 4*j - 1395 = -0*v, 3*v + j = 844. Let i = v - 177. Suppose 5*o - i = -4*p, -2*p + 51 - 11 = -4*o. Calculate the remainder when 95 is divided by p.
23
Suppose -75*r + 0*r + 3201 = 22*r. Let w = 14 + 51. What is the remainder when w is divided by r?
32
Let m be 24/18*(-6)/4. Let z(u) = -u - 3. Let t be z(m). What is the remainder when 2/(((-17)/187)/(1*t)) is divided by 6?
4
Suppose -32*j - 15 = -5*h - 34*j, 0 = 2*j + 10. Suppose 0 = h*l + 17*l - 16566. Calculate the remainder when l is divided by 63.
60
Let y be 6 + ((-2)/6)/(16/96). Suppose -v = y*p - 61, -5*p = -0*p + 3*v - 71. Calculate the remainder when 76 is divided by p.
12
Let u = -641 - -650. Suppose -2*b + s = -408, 3*b + 2*s - 625 = -3*s. What is the remainder when b is divided by u?
7
Let t = 82 - 19. Let y be -5 + 12 + -1641 - -3. Let m = -1598 - y. Calculate the remainder when t is divided by m.
30
Suppose n + 5*d - 8 - 138 = 0, -3*n + 438 = 3*d. Suppose 0 = w - 2, 5*r + w = r + n. What is the remainder when 285 is divided by r?
33
Let o = -372 - -373. Let j(h) = 13*h**3 - h**2 - 2*h + 3. What is the remainder when 26 is divided by j(o)?
0
Suppose 716 = 5*t + 2*x, 0*t + 553 = 4*t - 5*x. Let h = -3492 - -3540. Calculate the remainder when t is divided by h.
46
Suppose 34*w - 30*w - 32 = 0. Suppose 4*x + 5*b + 9 = 149, 2*b = -w. What is the remainder when (1/(-2))/((-2)/628) is divided by x?
37
Suppose 0 = z + 2*n - 25, 99 = -82*z + 85*z - 2*n. Calculate the remainder when 1425 is divided by z.
30
Let g = 100 + -65. Let q = -3984 - -4297. Calculate the remainder when q is divided by g.
33
Suppose -2*g = c - 182, -4*c + 48 - 64 = 0. Let o(v) = v**2 - 5*v - 10. Let a be